{"id":912,"date":"2026-03-28T21:39:15","date_gmt":"2026-03-28T21:39:15","guid":{"rendered":"https:\/\/ostermarsch-gronau.de\/?page_id=912"},"modified":"2026-03-28T21:42:15","modified_gmt":"2026-03-28T21:42:15","slug":"archiv-2025","status":"publish","type":"page","link":"https:\/\/ostermarsch-gronau.de\/?page_id=912","title":{"rendered":"Archiv 2025"},"content":{"rendered":"<p><span style=\"font-family: arial, helvetica, sans-serif;\">Auch 2025 fand wieder ein Ostermarsch an der Gronauer Urananreicherungsanlage statt, ca. 200 Menschen nahmen daran teil. Hier findet ihr den Aufruf-Text, sowie den Link zu pers\u00f6nlichen Video-Aufrufen und dem Homepage-Text:<\/span><\/p>\n<p><em><a href=\"https:\/\/ostermarsch-gronau.de\/wp-content\/uploads\/2025\/04\/Aufruf-OMA-Gronau-2025.pdf\">&#8222;Aufruf-OMA-Gronau-2025 als PDF<\/a><\/em><\/p>\n<p><em><a href=\"https:\/\/www.youtube.com\/playlist?list=PLMX8oAX3ZfIh4OV9p0G9KZ1ObOz3tH8oL\" target=\"_blank\" rel=\"noopener\">Pers\u00f6nliche Aufrufe Aktiver Menschen bei Youtube<\/a><\/em><\/p>\n<p><em><img loading=\"lazy\" decoding=\"async\" class=\" wp-image-897 alignleft\" src=\"https:\/\/ostermarsch-gronau.de\/wp-content\/uploads\/2025\/04\/Ostermarsch_2025_Plakat-212x300.jpg\" alt=\"\" width=\"236\" height=\"334\" srcset=\"https:\/\/ostermarsch-gronau.de\/wp-content\/uploads\/2025\/04\/Ostermarsch_2025_Plakat-212x300.jpg 212w, https:\/\/ostermarsch-gronau.de\/wp-content\/uploads\/2025\/04\/Ostermarsch_2025_Plakat-724x1024.jpg 724w, https:\/\/ostermarsch-gronau.de\/wp-content\/uploads\/2025\/04\/Ostermarsch_2025_Plakat-768x1087.jpg 768w, https:\/\/ostermarsch-gronau.de\/wp-content\/uploads\/2025\/04\/Ostermarsch_2025_Plakat-1086x1536.jpg 1086w, https:\/\/ostermarsch-gronau.de\/wp-content\/uploads\/2025\/04\/Ostermarsch_2025_Plakat-1448x2048.jpg 1448w, https:\/\/ostermarsch-gronau.de\/wp-content\/uploads\/2025\/04\/Ostermarsch_2025_Plakat.jpg 1753w\" sizes=\"auto, (max-width: 236px) 100vw, 236px\" \/>Wir wollen ein Zeichen setzen gegen skrupellose, egoistische Politik mit authorit\u00e4rer Staatsf\u00fchrung, Angriffskriegen und Milit\u00e4reins\u00e4tzen und \u201eFriedensverhandlungen\u201c, bei denen Menschen und L\u00e4nder zur Handlungsmasse verkommen. Aber auch die darauf von europ\u00e4ischen und deutschen PolitikerInnen formulierten Antworten in Form von Aufr\u00fcstung, eigenen\/ neuen Atomwaffen und der Stationierung von Mittelstreckenraketen in Deutschland bei gleichzeitiger Ank\u00fcndigung von sozialem Kahlschlag k\u00f6nnen wir nicht einfach so hinnehmen.\u00a0<\/em><\/p>\n<p><em>Wir wollen uns mit Nachdruck f\u00fcr die \u00c4chtung der Urananreicherung und aller Atomwaffen einsetzen. Ebenso f\u00fcr Diplomatie statt Konfrontation und vermeintlicher Sicherheit durch Abschreckung. Dabei ist uns bewusst, dass es sich dabei um ein Dilemma handelt \u2013 mit Menschenfeinden l\u00e4sst sich nicht verhandeln! Feinden der Menschlichkeit darf man sich auch nicht unterwerfen! Wem das Leben der eigenen Bev\u00f6lkerung egal ist, l\u00e4sst sich aber auch nicht durch Abschreckung zum Frieden zwingen! Dieses Dilemma k\u00f6nnen wir nicht aufl\u00f6sen \u2013 unseren Wunsch nach Frieden wollen wir aber trotzdem Ausdruck verleihen und andere Menschen ermutigen, sich gegen Kriege und Menschenfeindlichkeit einzusetzen.<\/em><\/p>\n<p><em>Und gleichzeitig wollen wir \u2013 kurze Zeit vor dem 39. Jahrestag der AKW-Katastrophe in Tschernobyl (26.4.1986) \u2013 weiterhin vor den Gefahren der internationalen Atomindustrie warnen.&#8220;<\/em><\/p>\n","protected":false},"excerpt":{"rendered":"<p>Auch 2025 fand wieder ein Ostermarsch an der Gronauer Urananreicherungsanlage statt, ca. 200 Menschen nahmen daran teil. Hier findet ihr den Aufruf-Text, sowie den Link zu pers\u00f6nlichen Video-Aufrufen und dem Homepage-Text: &#8222;Aufruf-OMA-Gronau-2025 als PDF Pers\u00f6nliche Aufrufe Aktiver Menschen bei Youtube Wir wollen ein Zeichen setzen gegen skrupellose, egoistische Politik mit authorit\u00e4rer Staatsf\u00fchrung, Angriffskriegen und Milit\u00e4reins\u00e4tzen [&hellip;]<\/p>\n","protected":false},"author":1,"featured_media":0,"parent":670,"menu_order":0,"comment_status":"closed","ping_status":"closed","template":"","meta":{"footnotes":""},"class_list":["post-912","page","type-page","status-publish","hentry","entry"],"_links":{"self":[{"href":"https:\/\/ostermarsch-gronau.de\/index.php?rest_route=\/wp\/v2\/pages\/912","targetHints":{"allow":["GET"]}}],"collection":[{"href":"https:\/\/ostermarsch-gronau.de\/index.php?rest_route=\/wp\/v2\/pages"}],"about":[{"href":"https:\/\/ostermarsch-gronau.de\/index.php?rest_route=\/wp\/v2\/types\/page"}],"author":[{"embeddable":true,"href":"https:\/\/ostermarsch-gronau.de\/index.php?rest_route=\/wp\/v2\/users\/1"}],"replies":[{"embeddable":true,"href":"https:\/\/ostermarsch-gronau.de\/index.php?rest_route=%2Fwp%2Fv2%2Fcomments&post=912"}],"version-history":[{"count":2,"href":"https:\/\/ostermarsch-gronau.de\/index.php?rest_route=\/wp\/v2\/pages\/912\/revisions"}],"predecessor-version":[{"id":916,"href":"https:\/\/ostermarsch-gronau.de\/index.php?rest_route=\/wp\/v2\/pages\/912\/revisions\/916"}],"up":[{"embeddable":true,"href":"https:\/\/ostermarsch-gronau.de\/index.php?rest_route=\/wp\/v2\/pages\/670"}],"wp:attachment":[{"href":"https:\/\/ostermarsch-gronau.de\/index.php?rest_route=%2Fwp%2Fv2%2Fmedia&parent=912"}],"curies":[{"name":"wp","href":"https:\/\/api.w.org\/{rel}","templated":true}]}}