{"id":8,"date":"2018-02-13T14:39:10","date_gmt":"2018-02-13T14:39:10","guid":{"rendered":"http:\/\/ostermarsch-gronau.de\/?page_id=8"},"modified":"2019-04-08T09:23:19","modified_gmt":"2019-04-08T09:23:19","slug":"aufruf","status":"publish","type":"page","link":"https:\/\/ostermarsch-gronau.de\/?page_id=8","title":{"rendered":"Aufruf 2018"},"content":{"rendered":"<h3 class=\"western\" align=\"center\"><a href=\"https:\/\/ostermarsch-gronau.de\/wp-content\/uploads\/2018\/03\/Ostermarsch-2018-Flyer-A5-farbig-neu.pdf\">Aufruf als Kurzfassung (A5-Flyer)<\/a><\/h3>\n<h1 class=\"western\" align=\"center\"><span style=\"font-family: Arial,serif;\">Atomwaffen und Urananreicherung \u00e4chten<\/span><\/h1>\n<h1 class=\"western\" align=\"center\"><span style=\"font-family: Arial,serif;\">Zivile Konfliktl\u00f6sung statt R\u00fcstungsexporte<\/span><\/h1>\n<p class=\"western\"><span style=\"font-family: Arial,serif; color: #ff0000;\"><b>Bislang <a href=\"https:\/\/ostermarsch-gronau.de\/?p=184\">unterst\u00fctzen 32 Initiativen, Parteien und Firmen<\/a> diesen Aufruf! <a href=\"mailto:info@ostermarsch-gronau.de\">Meldet euch<\/a>, wenn ihr ihn auch unterzeichnen wollt!<\/b><\/span><\/p>\n<p class=\"western\"><span style=\"font-family: Arial,serif;\"><b>Friedenspolitische Zeichen sind aktuell wichtiger denn je:<\/b><\/span><\/p>\n<p class=\"western\"><span style=\"font-family: Arial,serif;\">Die deutschen R\u00fcstungsexporte in Kriegsregionen haben erschreckende <\/span><span style=\"color: #000000;\"><span style=\"font-family: Arial,serif;\">Ausma\u00dfe<\/span><\/span> <span style=\"font-family: Arial,serif;\">erreicht. <\/span><span style=\"font-family: Arial,serif;\">Unverantwortlich sind die deutschen Waffenexporte:<\/span> <span style=\"font-family: Arial,serif;\">Panzerlieferungen an die eine und Panzerabwehrraketen an die andere Konfliktpartei \u2013 das ist menschenverachtend. Die <\/span><span style=\"font-family: Arial,serif;\">Urananreicherung des Gronauer Urenco-Konzerns wird <\/span><span style=\"color: #000000;\"><span style=\"font-family: Arial,serif;\">offenbar<\/span><\/span> <span style=\"font-family: Arial,serif;\">immer bedeutsamer f\u00fcr das Atomwaffen-Programm der USA und die Bundesrepublik Deutschland weigert sich weiterhin, die UN-Resolution zur Atomwaffen\u00e4chtung zu unterzeichnen und <\/span><span style=\"color: #000000;\"><span style=\"font-family: Arial,serif;\">billigt<\/span><\/span> <span style=\"font-family: Arial,serif;\">stattdessen <\/span><span style=\"color: #000000;\"><span style=\"font-family: Arial,serif;\">die Lagerung von<\/span><\/span> <span style=\"font-family: Arial,serif;\">US-Atombomben in B\u00fcchel. <\/span><\/p>\n<p class=\"western\"><span style=\"font-family: Arial,serif;\"><b>Deshalb: <\/b><\/span><span style=\"font-family: Arial,serif;\">Nehmt am Karfreitag, 30. M\u00e4rz, um 13 Uhr am Ostermarsch in Gronau zur bundesweit einzigen Urananreicherungsanlage teil und setzt mit uns ein Zeichen!<\/span><\/p>\n<p class=\"western\"><span style=\"font-family: Arial,serif;\"><b>Urananreicherung im Fokus von Donald Trump und Kim Jong Un<\/b><\/span><\/p>\n<p class=\"western\"><span style=\"font-family: Arial,serif;\">Die durch den Urenco-Konzern in J\u00fclich erforschte und in Gronau angewandte Zentrifugentechnologie f\u00fcr die Urananreicherung wird nicht nur f\u00fcr die Belieferung von AKW genutzt. In der Urenco-Anlage in Almelo (NL) entwendete der pakistanische Wissenschaftler Dr. Khan in den 1970er-Jahren Baupl\u00e4ne und verhalf so Pakistan zur Atombombe. Von dort gelangten die Pl\u00e4ne auch an den Iran und Nordkorea \u2013 und damit in die H\u00e4nde eines Diktators, der stetig die Aggressionsspirale antreibt.<\/span><\/p>\n<p class=\"western\"><span style=\"font-family: Arial,serif;\">Auch die USA sind ganz offensichtlich an der Technologie und dem von Urenco angereichertem Uran interessiert, da die USA seit einigen Jahren keine eigene <\/span><span style=\"color: #000000;\"><span style=\"font-family: Arial,serif;\">staatliche<\/span><\/span> <span style=\"font-family: Arial,serif;\">Urananreicherungsanlage mehr betreiben. 2017 wurden Liefervertr\u00e4ge zwischen dem Urenco-Konzern und dem AKW Watts Bar bekannt, welches dem US-Atombombenprogramm zuarbeitet. Inzwischen haben die USA und Japan Interesse am Kauf des Urenco-Konzerns signalisiert. Der seit Jahren geplante Verkauf von Urenco-Anteilen, die<\/span><span style=\"color: #000000;\"><span style=\"font-family: Arial,serif;\"> u. a. RWE und E.ON geh\u00f6ren,<\/span><\/span><span style=\"font-family: Arial,serif;\"> stellt eindeutig eine weitere Verbreitung von Atomwaffentechnologie dar. Mit der Ank\u00fcndigung neue, \u201ekleine\u201c Atombomben mit niedriger Nutzungshemmschwelle zu bauen, erh\u00f6ht Donald Trump m\u00f6glicherweise<\/span> <span style=\"font-family: Arial,serif;\">den Druck auf US-Firmen, \u00fcber den Anteilserwerb an die hocheffiziente Urenco-Technologie und die bestehende Urenco-Anlage in New-Mexico <\/span><span style=\"color: #000000;\"><span style=\"font-family: Arial,serif;\">(USA)<\/span><\/span> <span style=\"font-family: Arial,serif;\">zu gelangen. Sorgen bereitet uns auch die Urananreicherung in anderen Staaten wie z. B. in Russland. Dort lagern zudem noch immer rund 30.000 Tonnen Uranm\u00fcll, die aus der Gronauer Urananreicherungsanlage stammen.<\/span><\/p>\n<h3 class=\"western\"><span style=\"font-family: Arial,serif;\">Urenco Gronau \u2013 der Atomausstieg ist rechtlich m\u00f6glich<\/span><\/h3>\n<p class=\"western\"><span style=\"color: #000000;\"><span style=\"font-family: Arial,serif;\">Die Urananreicherungsanlage (UAA) <\/span><\/span><span style=\"font-family: Arial,serif;\">Gronau darf immer noch ohne zeitliche Befristung weltweit AKW mit angereichertem Uranbrennstoff versorgen und beliefert fast 10% des Weltmarktes. Das macht Deutschland zu einem der international wichtigsten Lieferanten \u2013 auch f\u00fcr Schrott-AKW wie Tihange und Doel oder ukrainische AKW nahe der Kriegsfront. Das ist unverantwortlich! Dabei zeigen Gutachten<\/span><span style=\"color: #000000;\"><span style=\"font-family: Arial,serif;\">, die 2017<\/span><\/span> <span style=\"font-family: Arial,serif;\">im Auftrag des Bundesumweltministeriums <\/span><span style=\"color: #000000;\"><span style=\"font-family: Arial,serif;\">erstellt wurden,<\/span><\/span><span style=\"font-family: Arial,serif;\"> ganz klar, dass eine Stilllegung der Gronauer Urananreicherungsanlage rechtssicher problemlos m\u00f6glich ist.<\/span><\/p>\n<p class=\"western\"><span style=\"font-family: Arial,serif;\">Urenco tr\u00e4gt mit der Urananreicherung massiv zum Risiko weiterer Atomkatastrophen und der Umweltzerst\u00f6rung durch Uranabbau bei. Die NRW-Landesregierung und die Bundesregierung m\u00fcssen <\/span><span style=\"color: #000000;\"><span style=\"font-family: Arial,serif;\">die Urananreicherung und den<\/span><\/span><span style=\"font-family: Arial,serif;\"> Uranbrennstoff-Export sofort unterbinden. <\/span><span style=\"color: #00b050;\"><span style=\"font-family: Arial,serif;\">U<\/span><\/span><span style=\"color: #000000;\"><span style=\"font-family: Arial,serif;\">nd mit den unredlichen Vorschl\u00e4gen \u00fcber Braunkohle-Ersatz-Strom aus NRW f\u00fcr Belgien muss Schluss sein! <\/span><\/span><span style=\"font-family: Arial,serif;\">Der Atomausstieg muss auch in <\/span><span style=\"color: #000000;\"><span style=\"font-family: Arial,serif;\">Gronau, sowie in Lingen,<\/span><\/span><span style=\"font-family: Arial,serif;\"> umgesetzt werden.<\/span><\/p>\n<p class=\"western\"><span style=\"font-family: Arial,serif;\">Mit Uranlieferungen f\u00f6rdert man keinen Atomausstieg und mit Waffenlieferungen f\u00f6rdert man keinen Frieden!<\/span><\/p>\n<h3 class=\"western\"><span style=\"font-family: Arial,serif;\">Deshalb fordern wir:<\/span><\/h3>\n<ul>\n<li>\n<p class=\"western\"><span style=\"font-family: Times New Roman,serif;\"><span style=\"font-size: medium;\"><span style=\"font-family: Arial,serif;\"><span style=\"font-size: small;\">\u00c4chtung + Verbot der Urananreicherung und Zentrifugenforschung! <\/span><\/span><\/span><\/span><\/p>\n<\/li>\n<li>\n<p class=\"western\"><span style=\"font-family: Times New Roman,serif;\"><span style=\"font-size: medium;\"><span style=\"font-family: Arial,serif;\"><span style=\"font-size: small;\">Sofortiger Stopp aller Uran- und Brennelement-Exporte!<\/span><\/span><\/span><\/span><\/p>\n<\/li>\n<li>\n<p class=\"western\"><span style=\"font-family: Times New Roman,serif;\"><span style=\"font-size: medium;\"><span style=\"font-family: Arial,serif;\"><span style=\"font-size: small;\">Sofortige Stilllegung aller Uranminen, AKW und Atomfabriken<\/span><\/span><\/span><\/span><\/p>\n<\/li>\n<li>\n<p class=\"western\"><span style=\"font-family: Times New Roman,serif;\"><span style=\"font-size: medium;\"><span style=\"font-family: Arial,serif;\"><span style=\"font-size: small;\">Vernichtung und \u201cEntsorgung\u201d aller Atomwaffen und Uranmunitions-Best\u00e4nde! <\/span><\/span><\/span><\/span><\/p>\n<\/li>\n<li>\n<p class=\"western\"><span style=\"font-family: Times New Roman,serif;\"><span style=\"font-size: medium;\"><span style=\"font-family: Arial,serif;\"><span style=\"font-size: small;\">Stopp aller Waffenexporte und Kriegsbeteiligungen!<\/span><\/span><\/span><\/span><\/p>\n<\/li>\n<li>\n<p class=\"western\"><span style=\"font-family: Times New Roman,serif;\"><span style=\"font-size: medium;\"><span style=\"font-family: Arial,serif;\"><span style=\"font-size: small;\">F\u00f6rderung von gewaltfreien Ans\u00e4tzen zur Konfliktl\u00f6sung statt Wettr\u00fcsten! <\/span><\/span><\/span><\/span><\/p>\n<\/li>\n<\/ul>\n<h3>Spenden f\u00fcr die Organisation und Vorbereitung des Ostermarsches 2018<\/h3>\n<p class=\"western\" align=\"justify\"><span style=\"font-family: Calibri,serif;\"><span style=\"font-size: medium;\">Natur- und Umweltschutzver\u00adein Gronau (NUG) e. V., <\/span><\/span><\/p>\n<p class=\"western\" align=\"justify\"><span style=\"font-family: Calibri,serif;\"><span style=\"font-size: medium;\">Volksbank Gronau, IBAN:\u00a0 DE71 4016 4024 0143 1961 00, <\/span><\/span><\/p>\n<p class=\"western\" align=\"justify\"><span style=\"font-family: Calibri,serif;\"><span style=\"font-size: medium;\">BIC: GENODEM1GRN, <\/span><\/span><\/p>\n<p class=\"western\" align=\"justify\"><span style=\"font-family: Calibri,serif;\"><span style=\"font-size: medium;\">Stichwort: Oster\u00admarsch Gronau 2018<\/span><\/span><\/p>\n","protected":false},"excerpt":{"rendered":"<p>Aufruf als Kurzfassung (A5-Flyer) Atomwaffen und Urananreicherung \u00e4chten Zivile Konfliktl\u00f6sung statt R\u00fcstungsexporte Bislang unterst\u00fctzen 32 Initiativen, Parteien und Firmen diesen Aufruf! Meldet euch, wenn ihr ihn auch unterzeichnen wollt! Friedenspolitische Zeichen sind aktuell wichtiger denn je: Die deutschen R\u00fcstungsexporte in Kriegsregionen haben erschreckende Ausma\u00dfe erreicht. Unverantwortlich sind die deutschen Waffenexporte: Panzerlieferungen an die eine und [&hellip;]<\/p>\n","protected":false},"author":1,"featured_media":0,"parent":213,"menu_order":0,"comment_status":"closed","ping_status":"closed","template":"","meta":{"footnotes":""},"class_list":["post-8","page","type-page","status-publish","hentry","entry"],"_links":{"self":[{"href":"https:\/\/ostermarsch-gronau.de\/index.php?rest_route=\/wp\/v2\/pages\/8","targetHints":{"allow":["GET"]}}],"collection":[{"href":"https:\/\/ostermarsch-gronau.de\/index.php?rest_route=\/wp\/v2\/pages"}],"about":[{"href":"https:\/\/ostermarsch-gronau.de\/index.php?rest_route=\/wp\/v2\/types\/page"}],"author":[{"embeddable":true,"href":"https:\/\/ostermarsch-gronau.de\/index.php?rest_route=\/wp\/v2\/users\/1"}],"replies":[{"embeddable":true,"href":"https:\/\/ostermarsch-gronau.de\/index.php?rest_route=%2Fwp%2Fv2%2Fcomments&post=8"}],"version-history":[{"count":17,"href":"https:\/\/ostermarsch-gronau.de\/index.php?rest_route=\/wp\/v2\/pages\/8\/revisions"}],"predecessor-version":[{"id":283,"href":"https:\/\/ostermarsch-gronau.de\/index.php?rest_route=\/wp\/v2\/pages\/8\/revisions\/283"}],"up":[{"embeddable":true,"href":"https:\/\/ostermarsch-gronau.de\/index.php?rest_route=\/wp\/v2\/pages\/213"}],"wp:attachment":[{"href":"https:\/\/ostermarsch-gronau.de\/index.php?rest_route=%2Fwp%2Fv2%2Fmedia&parent=8"}],"curies":[{"name":"wp","href":"https:\/\/api.w.org\/{rel}","templated":true}]}}