{"id":436,"date":"2020-07-16T22:15:14","date_gmt":"2020-07-16T22:15:14","guid":{"rendered":"https:\/\/ostermarsch-gronau.de\/?page_id=436"},"modified":"2020-08-10T21:44:37","modified_gmt":"2020-08-10T21:44:37","slug":"aufruf","status":"publish","type":"page","link":"https:\/\/ostermarsch-gronau.de\/?page_id=436","title":{"rendered":"Aufruf Nagasaki-Tag 2020"},"content":{"rendered":"<p><a href=\"https:\/\/ostermarsch-gronau.de\/wp-content\/uploads\/2020\/08\/Aufruf-Nagasaki-Tag-2020-1.pdf\" target=\"_blank\" rel=\"noopener noreferrer\">Aufruf als PDF<\/a><img loading=\"lazy\" decoding=\"async\" class=\" wp-image-422 alignleft\" src=\"https:\/\/ostermarsch-gronau.de\/wp-content\/uploads\/2020\/07\/fahrraddemo-300x252.jpg\" alt=\"\" width=\"221\" height=\"186\" srcset=\"https:\/\/ostermarsch-gronau.de\/wp-content\/uploads\/2020\/07\/fahrraddemo-300x252.jpg 300w, https:\/\/ostermarsch-gronau.de\/wp-content\/uploads\/2020\/07\/fahrraddemo.jpg 589w\" sizes=\"auto, (max-width: 221px) 100vw, 221px\" \/><\/p>\n<p>Am 9. August j\u00e4hrt sich der Atombombenabwurf \u00fcber Nagasaki zum 75. Mal. Drei Tage zuvor zerst\u00f6rte 1945 die erste Atombombe Hiroshima &#8211; das Atomzeitalter begann mit der Ausl\u00f6schung zweier Gro\u00dfst\u00e4dte und unz\u00e4hligen Toten. Doch bis heute basteln viele Staaten weiterhin offen oder verdeckt an eigenen Atombomben. Die USA und Russland befinden sich in einem neuen extrem gef\u00e4hrlichen atomaren Wettlauf &#8211; und auch die Bundesregierung h\u00e4lt am Konzept der nuklearen Abschreckung fest. Die nukleare Teilhabe an den US-Atomwaffen auf dem Luftwaffenst\u00fctzpunkt B\u00fcchel geh\u00f6rt genauso dazu wie das Festhalten an der Urananreicherung in Gronau und der Uran-Zentrifugen-Entwicklung in J\u00fclich. Die Urananreicherung gilt als &#8222;der einfachste Weg zur Atombombe&#8220;. Darauf wollte bislang keine Bundesregierung verzichten &#8211; Atomausstieg oder nicht. Die UAA Gronau ist bereits 35 Jahre in Betrieb (seit dem 15. August 1985) \u2013 35 Jahre zu viel! Zivil h\u00e4lt die Urananreicherung Schrottreaktoren wie Tihange und Doel am Laufen. Sie erm\u00f6glicht L\u00e4ndern wie der Ukraine das Festhalten an der Atomkraft und erm\u00f6glicht den Vereinigten Arabischen Emiraten am Persischen Golf den Einstieg in die Atomkraft. Der Uranm\u00fcll wird billig in Russland abgeladen, der weltweite Uranabbau zerst\u00f6rt Umwelt und Gesundheit in den betroffenen Regionen. Doch im Hintergrund steht immer auch die milit\u00e4rische Option. Seit einigen Jahren spricht Urenco, der Betreiber u. a. der UAA\u2019s in Gronau und Almelo (NL) nach US-Medienberichten u. a. mit dem Pentagon \u00fcber den Bau von sog. Mini-Reaktoren f\u00fcr das US- Milit\u00e4r. Das ist alarmierend, zumal die Bundesregierung und die deutschen Urenco-Anteilseigner RWE und EON bislang offensichtlich gr\u00fcnes Licht f\u00fcr diese schleichende Militarisierung gegeben haben.<\/p>\n<p>Aus diesem Grund rufen wir f\u00fcr Sonntag, 9. August, zu einer Friedens- und Anti-Atomkraft-Demo zur Urananreicherungsanlage (UAA) in Gronau auf. Wir fordern die sofortige Stilllegung der UAA, der Zentrifugen-entwicklung und aller Atomanlagen<br \/>\nsowie den Abzug der US-Atomwaffen aus B\u00fcchel.<\/p>\n<p>Die zentrale Kundgebung beginnt in Gronau um 14 Uhr vor der UAA in der R\u00f6ntgenstra\u00dfe (mit Abstand und Mund-\/Nasenschutz). Zuvor startet um 13 Uhr am Bahnhof in Gronau eine Fahrraddemo rund um die UAA. Eine weitere &#8222;Zubringer&#8220;-Rad-Demo startet um 12:30 Uhr in <a href=\"https:\/\/ostermarsch-gronau.de\/?page_id=9\">Ochtrup<\/a>. Die direkten Z\u00fcge aus M\u00fcnster und Dortmund nach Gronau nehmen Fahrr\u00e4der zur klimafreundlichen <a href=\"https:\/\/ostermarsch-gronau.de\/?page_id=9\">Anreise<\/a> mit.<\/p>\n<p>Wer nicht mit dem Auto oder Fahrrad kommen kann oder m\u00f6chte:\u00a0 Es gibt vom Bahnhof in Gronau um 13.30 Uhr einen <a href=\"https:\/\/ostermarsch-gronau.de\/?page_id=9\">Shuttle-Bus<\/a> zur Urananreicherungsanlage, der nach der Kundgebung wieder zur\u00fcck zum Bahnhof f\u00e4hrt.<\/p>\n<p>Karfreitag fiel der Ostermarsch zur UAA Gronau corona-bedingt aus, auch die letzten Jahre haben wir Kundgebungen zum Jahrestag der Atombombenabw\u00fcrfe durchgef\u00fchrt \u2013 jetzt wollen wir mit der Kombination aus Fahrraddemo und Kundgebung, zeigen, dass wir uns auch von Corona nicht ausbremsen lassen.<br \/>\nBitte beteiligt euch jetzt an der Mobilisierung, damit auch die Urananreicherung endlich gestoppt wird. Sch\u00f6n w\u00e4ren z. B. weitere Fahrraddemos aus den umliegenden St\u00e4dten zur Kundgebung an der UAA. Mit diesem aktiven und Corona- kompatiblen Konzept gab es j\u00fcngst sehr gute Erfahrungen in Datteln (Protest gegen Kohlekraftwerk Datteln 4). Wir haben auch schon eine freundliche Zusage f\u00fcr Live-Musik von Gerd Schinkel. Eine VolXk\u00fcche wird es diesmal nicht geben.<\/p>\n<p><a href=\"https:\/\/ostermarsch-gronau.de\/wp-content\/uploads\/2020\/08\/Aufruf-Nagasaki-Tag-2020-1.pdf\" target=\"_blank\" rel=\"noopener noreferrer\">Aufruf als PDF<\/a><\/p>\n<p><strong>Veranstalter:<\/strong> Aktionsb\u00fcndnis M\u00fcnsterland gegen Atomanlagen<\/p>\n<p><strong>Unterst\u00fctzerInnen (Stand 07.08.2020):<\/strong><\/p>\n<ul>\n<li class=\"western\"><span style=\"font-family: arial, helvetica, sans-serif; font-size: 12pt;\">Aktionsb\u00fcndnis \u201eStop Westcastor\u201c J\u00fclich\/Ahaus<br \/>\n<\/span><\/li>\n<li class=\"western\"><span style=\"font-family: arial, helvetica, sans-serif; font-size: 12pt;\">Arbeitskreis Umwelt (AKU) Gronau<\/span><\/li>\n<li>Arbeitskreis Umwelt (AKU) Sch\u00fcttorf<\/li>\n<li class=\"western\"><span style=\"font-family: arial, helvetica, sans-serif; font-size: 12pt;\"><span style=\"font-family: CIDFont+F1, serif;\">Bundesverband B\u00fcrgerinitiativen Umweltschutz (BBU)<\/span><\/span><\/li>\n<li class=\"western\"><span style=\"font-family: arial, helvetica, sans-serif; font-size: 12pt;\">B\u00fcndnis AgiEL \u2013 AtomkraftgegnerInnen im Emsland<\/span><\/li>\n<li>B\u00fcndnis 90\/ Die Gr\u00fcnen &#8211; Ortsverband Ochtrup<\/li>\n<li class=\"western\"><span style=\"font-family: arial, helvetica, sans-serif; font-size: 12pt;\">B\u00fcrgerinitiative \u201eKein Atomm\u00fcll in Ahaus\u201c<\/span><\/li>\n<li class=\"western\"><span style=\"font-family: arial, helvetica, sans-serif; font-size: 12pt;\">B\u00fcrgerinitiative Umweltschutz L\u00fcchow-Dannenberg<\/span><\/li>\n<li class=\"western\"><span style=\"font-family: arial, helvetica, sans-serif; font-size: 12pt;\">Deutsche Sektion der Internationalen \u00c4rzte f\u00fcr die Verh\u00fctung des Atomkrieges\/\u00c4rzte in sozialer Verantwortung (IPPNW)<\/span><\/li>\n<li>DKP im Kreis Borken<\/li>\n<li>Gr\u00fcn-Alternative Liste (GAL) Gronau<\/li>\n<li>Elternverein Restrisiko Emsland<\/li>\n<li>Enschede voor Vrede<\/li>\n<li class=\"western\"><span style=\"font-family: arial, helvetica, sans-serif; font-size: 12pt;\"> IPPNW M\u00fcnster<\/span><\/li>\n<li class=\"western\"><span style=\"font-family: arial, helvetica, sans-serif; font-size: 12pt;\">Natur- und Umweltschutzverein Gronau (NUG)<\/span><\/li>\n<li class=\"western\"><span style=\"font-family: arial, helvetica, sans-serif; font-size: 12pt;\">SOFA (Sofortiger Atomausstieg) M\u00fcnster<\/span><\/li>\n<li>SPD Ortsverein Heek-Nienborg<\/li>\n<\/ul>\n<p>Initiativen und Organisationen, die diesen Aufruf unterst\u00fctzen m\u00f6chten, k\u00f6nnen dies formlos per\u00a0 <a href=\"mailto:info@ostermarsch-gronau.de\">Mail<\/a> mitteilen: . Wir freuen uns wie immer \u00fcber solidarische Unterst\u00fctzung!<\/p>\n<p>Bitte teilt uns auch eure Treffpunkte f\u00fcr Fahrradsternfahrten oder Fahrgemeinschaften zur Ver\u00f6ffentlichung <a href=\"https:\/\/ostermarsch-gronau.de\/?page_id=9\">Anreise<\/a> mit.<\/p>\n<p>Weitere Informationen zum Thema Urananreicherung:<br \/>\n<a href=\"https:\/\/sofa-ms.de\/?page_id=658\" target=\"_blank\" rel=\"noopener noreferrer\">www.sofa-ms.de<\/a>, <a href=\"http:\/\/www.urantransport.de\" target=\"_blank\" rel=\"noopener noreferrer\">www.urantransport.de<\/a>, <a href=\"https:\/\/bbu-online.de\" target=\"_blank\" rel=\"noopener noreferrer\">Dachverband B\u00fcrgerinitiativen Umweltschutz<\/a><\/p>\n","protected":false},"excerpt":{"rendered":"<p>Aufruf als PDF Am 9. August j\u00e4hrt sich der Atombombenabwurf \u00fcber Nagasaki zum 75. Mal. Drei Tage zuvor zerst\u00f6rte 1945 die erste Atombombe Hiroshima &#8211; das Atomzeitalter begann mit der Ausl\u00f6schung zweier Gro\u00dfst\u00e4dte und unz\u00e4hligen Toten. Doch bis heute basteln viele Staaten weiterhin offen oder verdeckt an eigenen Atombomben. Die USA und Russland befinden sich [&hellip;]<\/p>\n","protected":false},"author":1,"featured_media":0,"parent":0,"menu_order":0,"comment_status":"closed","ping_status":"closed","template":"","meta":{"footnotes":""},"class_list":["post-436","page","type-page","status-publish","hentry","entry"],"_links":{"self":[{"href":"https:\/\/ostermarsch-gronau.de\/index.php?rest_route=\/wp\/v2\/pages\/436","targetHints":{"allow":["GET"]}}],"collection":[{"href":"https:\/\/ostermarsch-gronau.de\/index.php?rest_route=\/wp\/v2\/pages"}],"about":[{"href":"https:\/\/ostermarsch-gronau.de\/index.php?rest_route=\/wp\/v2\/types\/page"}],"author":[{"embeddable":true,"href":"https:\/\/ostermarsch-gronau.de\/index.php?rest_route=\/wp\/v2\/users\/1"}],"replies":[{"embeddable":true,"href":"https:\/\/ostermarsch-gronau.de\/index.php?rest_route=%2Fwp%2Fv2%2Fcomments&post=436"}],"version-history":[{"count":19,"href":"https:\/\/ostermarsch-gronau.de\/index.php?rest_route=\/wp\/v2\/pages\/436\/revisions"}],"predecessor-version":[{"id":506,"href":"https:\/\/ostermarsch-gronau.de\/index.php?rest_route=\/wp\/v2\/pages\/436\/revisions\/506"}],"wp:attachment":[{"href":"https:\/\/ostermarsch-gronau.de\/index.php?rest_route=%2Fwp%2Fv2%2Fmedia&parent=436"}],"curies":[{"name":"wp","href":"https:\/\/api.w.org\/{rel}","templated":true}]}}

<p><a href="https://ostermarsch-gronau.de/wp-content/uploads/2020/08/Aufruf-Nagasaki-Tag-2020-1.pdf" target="_blank" rel="noopener noreferrer">Aufruf als PDF</a><img loading="lazy" decoding="async" class=" wp-image-422 alignleft" src="https://ostermarsch-gronau.de/wp-content/uploads/2020/07/fahrraddemo-300x252.jpg" alt="" width="221" height="186" srcset="https://ostermarsch-gronau.de/wp-content/uploads/2020/07/fahrraddemo-300x252.jpg 300w, https://ostermarsch-gronau.de/wp-content/uploads/2020/07/fahrraddemo.jpg 589w" sizes="auto, (max-width: 221px) 100vw, 221px" /></p>
<p>Am 9. August jährt sich der Atombombenabwurf über Nagasaki zum 75. Mal. Drei Tage zuvor zerstörte 1945 die erste Atombombe Hiroshima &#8211; das Atomzeitalter begann mit der Auslöschung zweier Großstädte und unzähligen Toten. Doch bis heute basteln viele Staaten weiterhin offen oder verdeckt an eigenen Atombomben. Die USA und Russland befinden sich in einem neuen extrem gefährlichen atomaren Wettlauf &#8211; und auch die Bundesregierung hält am Konzept der nuklearen Abschreckung fest. Die nukleare Teilhabe an den US-Atomwaffen auf dem Luftwaffenstützpunkt Büchel gehört genauso dazu wie das Festhalten an der Urananreicherung in Gronau und der Uran-Zentrifugen-Entwicklung in Jülich. Die Urananreicherung gilt als &#8222;der einfachste Weg zur Atombombe&#8220;. Darauf wollte bislang keine Bundesregierung verzichten &#8211; Atomausstieg oder nicht. Die UAA Gronau ist bereits 35 Jahre in Betrieb (seit dem 15. August 1985) – 35 Jahre zu viel! Zivil hält die Urananreicherung Schrottreaktoren wie Tihange und Doel am Laufen. Sie ermöglicht Ländern wie der Ukraine das Festhalten an der Atomkraft und ermöglicht den Vereinigten Arabischen Emiraten am Persischen Golf den Einstieg in die Atomkraft. Der Uranmüll wird billig in Russland abgeladen, der weltweite Uranabbau zerstört Umwelt und Gesundheit in den betroffenen Regionen. Doch im Hintergrund steht immer auch die militärische Option. Seit einigen Jahren spricht Urenco, der Betreiber u. a. der UAA’s in Gronau und Almelo (NL) nach US-Medienberichten u. a. mit dem Pentagon über den Bau von sog. Mini-Reaktoren für das US- Militär. Das ist alarmierend, zumal die Bundesregierung und die deutschen Urenco-Anteilseigner RWE und EON bislang offensichtlich grünes Licht für diese schleichende Militarisierung gegeben haben.</p>
<p>Aus diesem Grund rufen wir für Sonntag, 9. August, zu einer Friedens- und Anti-Atomkraft-Demo zur Urananreicherungsanlage (UAA) in Gronau auf. Wir fordern die sofortige Stilllegung der UAA, der Zentrifugen-entwicklung und aller Atomanlagen<br />
sowie den Abzug der US-Atomwaffen aus Büchel.</p>
<p>Die zentrale Kundgebung beginnt in Gronau um 14 Uhr vor der UAA in der Röntgenstraße (mit Abstand und Mund-/Nasenschutz). Zuvor startet um 13 Uhr am Bahnhof in Gronau eine Fahrraddemo rund um die UAA. Eine weitere &#8222;Zubringer&#8220;-Rad-Demo startet um 12:30 Uhr in <a href="https://ostermarsch-gronau.de/?page_id=9">Ochtrup</a>. Die direkten Züge aus Münster und Dortmund nach Gronau nehmen Fahrräder zur klimafreundlichen <a href="https://ostermarsch-gronau.de/?page_id=9">Anreise</a> mit.</p>
<p>Wer nicht mit dem Auto oder Fahrrad kommen kann oder möchte:  Es gibt vom Bahnhof in Gronau um 13.30 Uhr einen <a href="https://ostermarsch-gronau.de/?page_id=9">Shuttle-Bus</a> zur Urananreicherungsanlage, der nach der Kundgebung wieder zurück zum Bahnhof fährt.</p>
<p>Karfreitag fiel der Ostermarsch zur UAA Gronau corona-bedingt aus, auch die letzten Jahre haben wir Kundgebungen zum Jahrestag der Atombombenabwürfe durchgeführt – jetzt wollen wir mit der Kombination aus Fahrraddemo und Kundgebung, zeigen, dass wir uns auch von Corona nicht ausbremsen lassen.<br />
Bitte beteiligt euch jetzt an der Mobilisierung, damit auch die Urananreicherung endlich gestoppt wird. Schön wären z. B. weitere Fahrraddemos aus den umliegenden Städten zur Kundgebung an der UAA. Mit diesem aktiven und Corona- kompatiblen Konzept gab es jüngst sehr gute Erfahrungen in Datteln (Protest gegen Kohlekraftwerk Datteln 4). Wir haben auch schon eine freundliche Zusage für Live-Musik von Gerd Schinkel. Eine VolXküche wird es diesmal nicht geben.</p>
<p><a href="https://ostermarsch-gronau.de/wp-content/uploads/2020/08/Aufruf-Nagasaki-Tag-2020-1.pdf" target="_blank" rel="noopener noreferrer">Aufruf als PDF</a></p>
<p><strong>Veranstalter:</strong> Aktionsbündnis Münsterland gegen Atomanlagen</p>
<p><strong>UnterstützerInnen (Stand 07.08.2020):</strong></p>
<ul>
<li class="western"><span style="font-family: arial, helvetica, sans-serif; font-size: 12pt;">Aktionsbündnis „Stop Westcastor“ Jülich/Ahaus<br />
</span></li>
<li class="western"><span style="font-family: arial, helvetica, sans-serif; font-size: 12pt;">Arbeitskreis Umwelt (AKU) Gronau</span></li>
<li>Arbeitskreis Umwelt (AKU) Schüttorf</li>
<li class="western"><span style="font-family: arial, helvetica, sans-serif; font-size: 12pt;"><span style="font-family: CIDFont+F1, serif;">Bundesverband Bürgerinitiativen Umweltschutz (BBU)</span></span></li>
<li class="western"><span style="font-family: arial, helvetica, sans-serif; font-size: 12pt;">Bündnis AgiEL – AtomkraftgegnerInnen im Emsland</span></li>
<li>Bündnis 90/ Die Grünen &#8211; Ortsverband Ochtrup</li>
<li class="western"><span style="font-family: arial, helvetica, sans-serif; font-size: 12pt;">Bürgerinitiative „Kein Atommüll in Ahaus“</span></li>
<li class="western"><span style="font-family: arial, helvetica, sans-serif; font-size: 12pt;">Bürgerinitiative Umweltschutz Lüchow-Dannenberg</span></li>
<li class="western"><span style="font-family: arial, helvetica, sans-serif; font-size: 12pt;">Deutsche Sektion der Internationalen Ärzte für die Verhütung des Atomkrieges/Ärzte in sozialer Verantwortung (IPPNW)</span></li>
<li>DKP im Kreis Borken</li>
<li>Grün-Alternative Liste (GAL) Gronau</li>
<li>Elternverein Restrisiko Emsland</li>
<li>Enschede voor Vrede</li>
<li class="western"><span style="font-family: arial, helvetica, sans-serif; font-size: 12pt;"> IPPNW Münster</span></li>
<li class="western"><span style="font-family: arial, helvetica, sans-serif; font-size: 12pt;">Natur- und Umweltschutzverein Gronau (NUG)</span></li>
<li class="western"><span style="font-family: arial, helvetica, sans-serif; font-size: 12pt;">SOFA (Sofortiger Atomausstieg) Münster</span></li>
<li>SPD Ortsverein Heek-Nienborg</li>
</ul>
<p>Initiativen und Organisationen, die diesen Aufruf unterstützen möchten, können dies formlos per  <a href="mailto:info@ostermarsch-gronau.de">Mail</a> mitteilen: . Wir freuen uns wie immer über solidarische Unterstützung!</p>
<p>Bitte teilt uns auch eure Treffpunkte für Fahrradsternfahrten oder Fahrgemeinschaften zur Veröffentlichung <a href="https://ostermarsch-gronau.de/?page_id=9">Anreise</a> mit.</p>
<p>Weitere Informationen zum Thema Urananreicherung:<br />
<a href="https://sofa-ms.de/?page_id=658" target="_blank" rel="noopener noreferrer">www.sofa-ms.de</a>, <a href="http://www.urantransport.de" target="_blank" rel="noopener noreferrer">www.urantransport.de</a>, <a href="https://bbu-online.de" target="_blank" rel="noopener noreferrer">Dachverband Bürgerinitiativen Umweltschutz</a></p>

<p>Aufruf als PDF Am 9. August jährt sich der Atombombenabwurf über Nagasaki zum 75. Mal. Drei Tage zuvor zerstörte 1945 die erste Atombombe Hiroshima &#8211; das Atomzeitalter begann mit der Auslöschung zweier Großstädte und unzähligen Toten. Doch bis heute basteln viele Staaten weiterhin offen oder verdeckt an eigenen Atombomben. Die USA und Russland befinden sich [&hellip;]</p>
